nd p.
16
Suppose -25*l = -36*l + 99. Calculate the greatest common factor of l and 171.
9
Suppose -2*y = -14 + 40. Let o = 17 + y. Suppose -3*l + o*s = -46, l + 4*s = 2*l - 18. Calculate the greatest common divisor of 14 and l.
14
Let r be (0 + -3)*2 + 0. Let c be (4/(-6))/(r/45). Suppose c*h - 14 = 3*h. What is the greatest common factor of 35 and h?
7
Let a(p) = 6*p + 254. Let u be a(-9). Suppose 58 = 2*g + 2*y, 4*g - 3*g + 5*y = 45. What is the highest common factor of u and g?
25
Let c = -5 + 40. Let k(x) = -52*x - 2676. Let o be k(-52). Calculate the greatest common divisor of o and c.
7
Let u be 5/(2*4/(-8)). Let x = u + 25. Let o be (-2)/10 + 164/x. Calculate the highest common factor of o and 88.
8
Let j be -1*(-5 - -3) - -11. Let q be (-20)/30 - (-1322)/(-6). Let c = q + 325. Calculate the highest common divisor of c and j.
13
Suppose -3*v - 26 + 35 = 0. Let a be 2/v + 80/6. What is the highest common factor of 154 and a?
14
Let l = 1273 - 1183. Calculate the highest common factor of 120 and l.
30
Suppose -3*r = 122 - 344. What is the highest common divisor of r and 185?
37
Let y = -8 + 8. Let o be (-27)/(-6)*34 - y. Let l = -32 + 49. What is the greatest common factor of l and o?
17
Suppose 0*k + 9 = -3*k, 0 = 3*q - k - 483. Suppose -26*r = -15*r - 704. Calculate the greatest common divisor of r and q.
32
Suppose -4 = s - 11. Suppose -5*h - 3*u + 82 = 0, 5*u - s = 13. What is the greatest common divisor of 35 and h?
7
Let m = 18 - -3. Suppose -105 = 4*l - 5*l. What is the greatest common divisor of m and l?
21
Suppose i + 4 = 0, -5*r + 179 = -5*i + 39. Let a = -68 + 128. What is the highest common factor of r and a?
12
Suppose 164 + 78 = 22*x. Let a be (0 - 1) + (-89)/(-1). What is the highest common factor of a and x?
11
Let q = -20 - 0. Let g be 2 - (-1 + q + -2). What is the highest common factor of 75 and g?
25
Let m be 1 - -4 - 89/1. Let v = 100 + m. What is the highest common divisor of v and 144?
16
Let v be 9/27 + 3058/6. What is the highest common factor of v and 34?
34
Let m be -9 + 8/(-24)*-282. What is the highest common divisor of 2125 and m?
85
Let y be (-272)/(-9) + (-4)/18. Let h(g) be the first derivative of g**3 - 3*g**2 + 6*g + 5. Let l be h(3). Calculate the greatest common factor of y and l.
15
Let r be -1*134*1/(-4)*2. Let v = 17 + -65. Let l = v + r. Calculate the highest common divisor of l and 19.
19
Let u = 0 - 0. Suppose u = -5*y + 31 + 24. What is the highest common divisor of y and 44?
11
Let d(p) = 4*p + 17. Let y be d(-4). What is the greatest common divisor of y and 65?
1
Let a be 0/((3 + -5)/2). Suppose -4*j + a = -16. Let s be (-2)/5 + (-14)/(-10). Calculate the greatest common factor of s and j.
1
Let v be 574/35 + (-3)/(-5). Calculate the highest common factor of 1 and v.
1
Let f be (-1)/(-4) + (-76)/(-16). Suppose -22*q = -18*q. Suppose q = -2*s + 6, -s + 0*s + 88 = f*x. What is the highest common divisor of 153 and x?
17
Let k = -19 + 21. Suppose 0*v = 5*v + 10, -5*a = k*v - 171. Let o = a + -18. Calculate the greatest common factor of 187 and o.
17
Let s be ((-1)/1)/(14/(-84)). Let k be (59 + 1)*1*s/15. What is the greatest common divisor of 24 and k?
24
Let o(y) = 2*y**2 - 9*y - 22. Let s be o(7). Let j(p) = p**3 - 12*p**2 - 11*p + 14. Let q be j(s). Calculate the greatest common divisor of q and 60.
20
Let r(k) = 2*k - 9. Let i be r(0). Let q = -8 - i. Let y be -1*q*(-12 + 11). What is the greatest common divisor of y and 7?
1
Let j be ((-600)/105 - (-4)/(-14))*-194. What is the greatest common divisor of 12 and j?
12
Let h be (7 - -1 - -101) + 11. Calculate the greatest common factor of h and 648.
24
Let l = -15 - -33. Let f(z) = -z + 5. Let s be f(-7). Let a be 33/s - 3/4. What is the greatest common divisor of l and a?
2
Suppose 2*y = -4*g + 88, 5*g - 9*y - 110 = -14*y. Let u = 1108 - 526. Let j = u - 406. Calculate the highest common factor of g and j.
22
Let d = 1975 + -1775. Let j(v) = 7*v**2 - 2*v + 1. Let i be j(2). Calculate the greatest common divisor of d and i.
25
Suppose -125 = -0*j - 4*j - 5*g, 4*j + 2*g = 110. What is the highest common divisor of 50 and j?
25
Let m be (15/3)/((-70)/(-728)). Calculate the highest common factor of 2548 and m.
52
Let v(l) = -2*l + 22. Let n be v(5). What is the greatest common factor of n and 1668?
12
Suppose 1080 = 6*c - 2*c. Calculate the greatest common divisor of 10 and c.
10
Let f = 2302 + -808. What is the greatest common divisor of f and 18?
18
Suppose 3*y - 4*i + 780 = 6*y, -5*i + 777 = 3*y. Calculate the greatest common divisor of y and 24.
24
Let h(r) = r**3 - 3*r**2 - 5*r - 4. Let n be (30/20)/((-1)/2). Let u = n - -8. Let i be h(u). What is the greatest common factor of 105 and i?
21
Let s(r) = -2*r**2 - 32*r + 11. Let v be s(-16). Let h(u) = 3*u**2 - 1. Let n be h(-2). Calculate the highest common divisor of v and n.
11
Let d be 5*1*(-44)/(-20). Let r = 30 - d. What is the greatest common divisor of 152 and r?
19
Let j be (-32)/28 + 985/35. Calculate the greatest common factor of j and 621.
27
Let r(w) = 9*w - 6. Let q be r(5). Suppose -99*f = -106*f + 63. Let t = q - f. What is the greatest common factor of t and 75?
15
Suppose 2*i + 20 = 2*p, -3*p + p - 5*i = 1. Let u(w) = 3*w + 7. Let s be u(p). Suppose r - s = -3*r. What is the highest common divisor of r and 7?
7
Suppose -28 = -4*v + 116. Calculate the highest common divisor of v and 90.
18
Let t be ((-35)/(-3) - (-3)/9)/1. Let p be (t + -13)*1*18/(-1). What is the highest common divisor of p and 90?
18
Let r(z) = -z**3 + 7*z**2 - 5*z - 4. Let p be r(6). Let n(a) = -2*a**2 + 132*a - 2174. Let j be n(34). Calculate the greatest common factor of j and p.
2
Let u be 1*2 + (-1)/(-1). Let d = -1 + 3. Suppose 2 = -2*q - 0, u*n - 74 = d*q. Calculate the highest common factor of 6 and n.
6
Suppose 9*o = 4*o + 35. Let l = o - 7. Suppose -2*i - 3*a + 72 + 28 = l, 3*a = 0. What is the greatest common divisor of i and 10?
10
Let q = -38 - -38. Suppose 2*b - 64 + 16 = q. Calculate the highest common divisor of 8 and b.
8
Suppose 3*d + 3*y = 39, -13 = -d - 4*y + 3. Suppose -2*v + 4*j + 132 = 0, j = -3*v - j + 174. Calculate the highest common factor of d and v.
12
Suppose 5*q + 2*d = -0*d + 41, -3*d = 3*q - 21. Suppose -4 = 2*m - 2. Let w be -81*(m - 0)*1. Calculate the greatest common factor of q and w.
9
Let k(a) = -79*a - 1. Suppose -2*y = j, -2*j + 14 = -3*y - 0. Let q be k(y). Let m = -97 + q. Calculate the highest common divisor of 24 and m.
12
Suppose 109*q = 112*q - 213. Calculate the highest common factor of q and 284.
71
Suppose -33*h = -31*h - 8. Suppose -26 = -h*o + 22. What is the highest common divisor of o and 4?
4
Let v(m) = -2*m**2 - 18*m + 15. Let h be v(-7). Calculate the highest common factor of 645 and h.
43
Let d = 876 - 426. Calculate the greatest common factor of 12 and d.
6
Let d be (-2)/7 - (-296)/7. Let c = -200 + 207. Calculate the highest common factor of c and d.
7
Suppose -4*j = 1 - 9. Let m = 29 - 27. Calculate the highest common factor of j and m.
2
Let k(b) = 8*b - 398. Let t be k(50). Calculate the highest common factor of 202 and t.
2
Suppose 4*m = i + 7, -3*m = 2*m - 2*i - 11. What is the greatest common divisor of 7 and m?
1
Let y be 0 + (0/(-2) - 0). Let s(o) = o**3 + o + 22. Let k be s(y). Suppose 0 = 13*g - 963 + 105. What is the greatest common factor of k and g?
22
Let j = -2225 - -2255. What is the highest common factor of 21 and j?
3
Let b = -1 + 11. Suppose -5*l + b*l + 11 = -r, -3*r + 43 = -4*l. Let u(q) = 2*q - 5. Let x be u(7). What is the highest common divisor of x and r?
9
Suppose 4*g - 28 = -8. Suppose 0*z - 8 = -4*z. What is the highest common factor of z and g?
1
Let w(j) = j**2 - 7*j + 11. Let u be w(7). What is the highest common factor of 88 and u?
11
Let i be (-4)/(-3)*(-9)/(-6). Suppose 0*j + j = -i*d - 22, -46 = 4*d + 3*j. Let x = 14 - d. What is the greatest common divisor of x and 8?
8
Let i = 11 + -3. Suppose 6*q - 12 = 4*q + x, -x + i = 2*q. Calculate the greatest common divisor of q and 1.
1
Let k be 21/5 + (-7)/(70/2). Suppose 2*b = 3*b + 3*s - 6, -4*s - 8 = -4*b. Let q be 4/b*(3 - 0). Calculate the highest common divisor of q and k.
4
Let t = 12 + -2. Suppose -y - 15 = -6*y. Suppose -13 = -y*i + 47. What is the highest co